 - t + 9. Suppose 2*w = 4*a + 40, 0*a - 52 = 5*a - 3*w. Calculate the remainder when x(a) is divided by 10.
7
Suppose i + 37 = 4*i + d, 0 = -5*i + 5*d + 95. What is the remainder when i is divided by 17 - 6 - 5 - (-1 + 4)?
2
Suppose -3*t = -99 - 72. Let i = t - 37. Calculate the remainder when i is divided by 7.
6
Suppose 0 = -4*y + 173 + 3. Calculate the remainder when y is divided by 12.
8
Suppose 4*v - 29 = 27. Suppose -5*t = -3*c - 1 - 4, -3*t + 7 = -c. Calculate the remainder when v is divided by c.
4
Let n(m) = -m**3 + 12*m**2 - 9*m + 7. Let d = -26 + 37. Let w be n(d). Suppose w = -5*a + 104. Calculate the remainder when 43 is divided by a.
13
Suppose h - 4*x - 78 = 0, 5*x - 33 = -3*h + 133. Suppose -5*p = -h - 338. Suppose 0 = 2*w + 3*w - p. What is the remainder when 30 is divided by w?
14
Let v(f) = -33*f - 10. Calculate the remainder when v(-3) is divided by 13.
11
Let g be (-2)/(-4) + (-105)/(-10). Suppose -h + g = q, 22 = 2*q - 2*h - 2*h. What is the remainder when 20 is divided by q?
9
Let o(j) = -j**3 + 11*j**2 - 7*j - 9. Let v be o(9). Suppose 4*l + 3*w - 95 = 0, 0*l + v = 4*l + 2*w. What is the remainder when l is divided by 11?
9
Let o be 2*-3*(-4)/8. Suppose 0 = d - 9 + o. Suppose b - d*b + 25 = 0. What is the remainder when b is divided by 2?
1
Suppose -2*o - 5 - 74 = 3*c, 3*c - 4*o = -103. Let m = 62 + c. Calculate the remainder when m is divided by 17.
16
Let o be 62/8*(-5 + 9). Suppose -5*t + o = -39. Suppose -52 = -p - p. What is the remainder when p is divided by t?
12
Suppose 2*s - 3 + 15 = w, -5*s + 5 = w. Calculate the remainder when 18 is divided by w.
8
Suppose 0 = 2*d + d - 9. Suppose -d*j + 0*j + 12 = 0. Suppose 4*a + 1 = p + 12, 4*p = 5*a - 22. What is the remainder when j is divided by a?
0
Let s = 6 + 24. Calculate the remainder when s is divided by 11.
8
Calculate the remainder when 7 is divided by ((-2)/(-4))/((-8)/(-64)).
3
Suppose 8*p = 6*p + 38. Calculate the remainder when 35 is divided by p.
16
Let a = 76 - 65. What is the remainder when a is divided by 7?
4
Suppose 0 = 5*u - 0*b + b - 127, u - 31 = -3*b. Let j = u - 12. What is the remainder when j is divided by 4?
1
Let q = -52 + 77. What is the remainder when 124 is divided by q?
24
Suppose 3*v + 2*p + 46 = 6*v, -77 = -5*v + 3*p. What is the remainder when 46 is divided by v?
14
Let r = 29 + 26. Calculate the remainder when r is divided by 20.
15
Suppose k = -k + 8. Suppose 4*w + k*m = -8, -5*w - 6 = 4*m + 4. What is the remainder when 36 is divided by 38/2*(-1 - w)?
17
Let p(h) = h**2 + 0*h + 2*h - 3*h + 18. Calculate the remainder when (-267)/(-5) + 2/(-5) is divided by p(0).
17
Let y(o) be the first derivative of 8*o**3 - o**2 + 2*o + 4. Calculate the remainder when 93 is divided by y(1).
21
Let x(h) = -10*h + 3. Calculate the remainder when x(-11) is divided by 30.
23
Let p = 3 + 3. Suppose 48 = 3*k + 3*z, -k + 2*z = -1 - 18. What is the remainder when k is divided by p?
5
Let y = 31 - 16. Calculate the remainder when 73 is divided by y.
13
Suppose -3*m = -4*x - 3 + 4, 5*x + m - 25 = 0. Calculate the remainder when 11 is divided by x.
3
Let f = 35 - 22. What is the remainder when 38 is divided by f?
12
Let s be 4*1/(-2)*-5. Suppose -2*t = -10, 0*u + t - s = -u. Calculate the remainder when 2/(-5) + 47/5 is divided by u.
4
Let x = 9 - 3. Let i(t) = 2*t**2 - 3*t - 3. What is the remainder when i(x) is divided by 13?
12
Suppose 6*u - 84 = 3*u. Let i = 39 - u. What is the remainder when i is divided by 11/4 - (-9)/36?
2
Suppose -5*q = a - 79, 6*q + 55 = 11*q - 5*a. What is the remainder when 86 is divided by q?
11
Suppose -5*r + 145 = 5*s, -3*r = 4*s + s - 147. Let t(a) = -5*a - 3. Let y be t(-3). Let j = -4 + y. What is the remainder when s is divided by j?
6
Let t = -11 + 15. Let d(u) = -5 + 0*u - 1 + 5 + t*u. Calculate the remainder when d(5) is divided by 10.
9
Suppose 4*b - 12 = 5*i - 0*i, i = 3*b + 2. Suppose -f = 2*f - 27. Calculate the remainder when f is divided by (0 - b) + -3 + 4.
0
Suppose -362 = -2*h - 5*w, -2*h - 2*w = -5*h + 562. Calculate the remainder when h is divided by 9.
6
Let j(o) = -o**3 - 5*o**2 - 5*o - 3. Suppose -a + 8*a = 56. What is the remainder when j(-5) is divided by a?
6
Suppose -50 = -2*d - 210. Let p(m) = m**2 + 13*m + 8. Calculate the remainder when p(-15) is divided by d/(-6) + 1/(-3).
12
Suppose 4*j - 25 = -j. Let x(v) = -2*v**3 - 2*v - 3*v**2 + 4*v + 2*v - 1. Calculate the remainder when x(-3) is divided by j.
4
Let r(o) = o**2 - 4*o. Let u be r(5). Suppose 0 = -2*h + u*h - 45. Calculate the remainder when 28 is divided by h.
13
Let c(d) = -3*d. Calculate the remainder when 33 is divided by c(-6).
15
Let c(p) = 4*p**2 - p - 1. What is the remainder when 49 is divided by c(2)?
10
Suppose 0*z = -3*z + 3*r + 63, 39 = 3*z + 3*r. Calculate the remainder when z is divided by 10.
7
Suppose 66*l - 196 = 62*l. Calculate the remainder when 293 is divided by l.
48
Let f(d) = d**2 + 5*d + 4. Let y(l) = -l**2 + 8*l - 5. Let j be y(8). Calculate the remainder when 6 is divided by f(j).
2
Suppose -5*x = 4*z - 96, -2*z + 3 = -5*x + 75. Suppose 4*d + 4*l - 36 = 0, 0 = 2*l - 8. Let t = d + x. What is the remainder when t is divided by 11?
10
Let c = -78 - -83. Calculate the remainder when ((-36)/(-14))/((-1)/(-7)) is divided by c.
3
Let b(l) = -9*l + 1. Let w = 7 - 11. What is the remainder when b(w) is divided by 19?
18
Let y(f) = f**3 - 3*f**2 + f + 2. Let c be y(2). Suppose -3*l - 2*l + 80 = c. Suppose 4*i - l = 2*i. What is the remainder when 23 is divided by i?
7
Suppose -p - n + 6 = 0, 4*n - 1 = -2*p + 13. Calculate the remainder when 44 is divided by p.
4
Suppose 7 = -q - 2*c, -5*q - c + 10 = -0. Calculate the remainder when 9 is divided by (-1 + 1 - -1) + q.
1
Let x(t) = -t**2 + 10*t + 2. Let c be x(10). Suppose 0 = -5*v + 4*v + c. Calculate the remainder when v is divided by 1.
0
Let r(a) = -10*a + 2. Calculate the remainder when r(-4) is divided by -1 + -24*4/(-8).
9
Calculate the remainder when (28 + -4 + 1)*5 is divided by 16.
13
Suppose -t - 5*v - 20 = 3*t, -3*t - 4 = v. Suppose -4*k + 78 - 30 = t. Calculate the remainder when (35/(-2))/((-3)/6) is divided by k.
11
Suppose -3*w = -5*w + 22. What is the remainder when 52 is divided by w?
8
What is the remainder when 3*1 + (-230)/(-5) is divided by 17?
15
Let h = -3 + 5. Suppose -4 = -w + b, 3*w - 8 = -h*b + b. Suppose 0*j = -5*j + 4*s + 58, 3*j - 28 = -s. Calculate the remainder when j is divided by w.
1
Suppose 0 = -2*c + 33 + 65. Let o = -30 + 47. Calculate the remainder when c is divided by o.
15
What is the remainder when 3 is divided by (-4)/8*(-7 + 1)?
0
Let s = 2 + 3. Let i = s - 2. Suppose 2*u - i*u = -2. Calculate the remainder when u is divided by 2.
0
Suppose -5*w = -5, 7 = 5*i + w - 9. Suppose -4*r = 5*z - 167, 0 = -i*z + z + 6. Calculate the remainder when r is divided by 10.
8
Suppose -r + 8 = 3*r. Let n be -1 + -2 + 21/3. Suppose n*t - 28 = r*t. What is the remainder when 41 is divided by t?
13
Suppose 2*g - 24 = 5*a, 3*a + 24 = 4*g - a. Suppose -7*f = -2*f + g*r - 70, 5*f + r = 65. What is the remainder when f is divided by 5?
2
Suppose -19 = -a - 5. Calculate the remainder when 27 is divided by a.
13
Let v = 76 - 39. Calculate the remainder when v is divided by 13.
11
Suppose -5*u - 2*b + 6 = -9, 25 = 4*u - b. What is the remainder when 10 is divided by u?
0
Let l = 91 - 2. What is the remainder when l is divided by 24?
17
Suppose -2*r + r + 3 = 0. Let s(i) = -i**3 - 3*i**2 - i - 1. Let d be s(-2). What is the remainder when (4/(-5))/(d/15) is divided by r?
1
Suppose 0*k + 3*k - 15 = 0. What is the remainder when k is divided by 3?
2
Suppose -5*m + 100 + 25 = 0. Let i be (-6)/2*2 - -2. Let b = m - i. What is the remainder when b is divided by 8?
5
Let v(o) = -4*o - 6*o - 2 + 7 - 2*o. What is the remainder when v(-4) is divided by 27?
26
Let n = 7 + -5. Suppose n*s - 20 = 22. What is the remainder when s is divided by 12?
9
Let k = 37 + 22. Calculate the remainder when k is divided by 12.
11
Let f = 23 + -9. Let s = 313 + -258. What is the remainder when s is divided by f?
13
Suppose 3*y - 229 = -2*i, -3*i = 4*y - i - 306. What is the remainder when y is divided by 13?
12
Let f = -201 - -211. What is the remainder when 15 is divided by f?
5
Let s